**3 + 3*t**2 - 14*t. Suppose u + 3 = 2*u. Suppose 5 = 4*l - u. Calculate o(l).
-3
Suppose 2*l - 4 = -0*l. Suppose 0 = 4*o + l + 2. Let w(q) be the second derivative of -5*q**3/6 - q**2/2 - 8*q. Give w(o).
4
Let v be (-1)/(10/6 + -2). Suppose -j = v*j. Let s(h) = -h - 4. Let k be s(j). Let n(b) = -b**3 - 4*b**2 + b - 3. What is n(k)?
-7
Let u(h) be the first derivative of h**2 + 5*h + 8. Determine u(5).
15
Let x(a) = 2*a + 11. Let c = -29 - -19. Calculate x(c).
-9
Let m(n) be the second derivative of n**5/20 + n**4/12 + n**3/6 + 3*n. Let j be -2 - (0 - (-1 + 1)). Determine m(j).
-6
Suppose -4*g + 5*s + 16 = 0, 4*s + 8 = -3*g + 5*g. Let c(w) = -5*w + g*w + 4 + 0*w. Calculate c(-3).
7
Suppose -2*t + 0 = -6. Let l(d) = 1 - t*d**3 + 0*d**3 - 5*d - 2*d**3 + 2*d**2 + 3*d. What is l(1)?
-4
Let f(h) = -17876 + h + 0*h + 0*h + 17877. Suppose 5*s + 19 = 4*l + 4, -l + 5*s = 0. Calculate f(l).
6
Let b be (3/(-2))/((-1)/(-4)). Let d be (-3)/(-2)*(-8)/b. Let v(q) = 2 + q**2 - d*q - 2. Determine v(4).
8
Suppose 3*b - 14 = -4*u, -14 = -4*b - 5*u + 2*u. Let a be (b/(-6))/((-3)/18). Let w(t) = 0*t - t - 6*t + 0*t - t**a. What is w(-6)?
6
Suppose 3*h + 2*h + 10 = 0, -5*s = -4*h - 33. Suppose 0 = -s*q + 3*q + 12. Let u(o) be the first derivative of -o**2/2 + 6*o + 1. Calculate u(q).
0
Suppose k = 1 + 2. Suppose -t = 2*t + k. Let h(d) = -10*d**3 + 2*d + 1. Determine h(t).
9
Let j be (6/5)/(21/(-70)). Let a(i) = -i**2 - 4*i + 4. What is a(j)?
4
Let n = -16 + 10. Let z(s) = -s**3 - 7*s**2 - 8*s - 7. What is z(n)?
5
Let z(u) = 5*u**2 + 7*u + 7. Let j(o) = o**2 + o + 1. Let a(x) = -6*j(x) + z(x). Let n(w) = -w + 0*w + 0 - 1. Let k be n(-1). Determine a(k).
1
Let t(f) = -3*f**2 - 1. Let o(a) = -2*a**2 - 1. Let y(v) = 4*o(v) - 3*t(v). Determine y(-1).
0
Let n(p) = p**3 - 6*p**2 + 4*p + 2. Let i be n(5). Let w(l) = l + 1. Let u(v) = 6*v + 5. Let o(f) = -u(f) + 5*w(f). What is o(i)?
3
Let t(h) be the second derivative of -h**4/8 + h**3/6 - 7*h**2/2 - 2*h. Let m(l) be the first derivative of t(l). Calculate m(-1).
4
Suppose 3*l + 12 - 3 = 0. Let q = l - -2. Let r(d) = -3*d**3 - d**2 + 1. What is r(q)?
3
Suppose -3*k = -2*k - 6. Let a be ((-9)/k)/(2/(-4)). Let n(h) = -2*h + 21 - 17 + 0*h. Give n(a).
-2
Let h(r) be the third derivative of -r**5/60 + r**4/3 - r**3/3 - 16*r**2. Give h(6).
10
Let q(m) be the third derivative of -m**5/60 - 7*m**4/24 + 2*m**3/3 - 16*m**2. Calculate q(-7).
4
Let c(v) = 3*v + 75. Let j be c(-25). Let b(h) = -h**2 - 3. Determine b(j).
-3
Let c(h) be the third derivative of -h**6/120 + h**5/20 - h**4/6 + h**3/2 + 12*h**2. Suppose -5*p + 0*p + 10 = 0. Determine c(p).
-1
Let w(o) be the third derivative of -o**4/24 - o**3/6 + o**2. Suppose 7*f - 4*f = -15. Give w(f).
4
Let f be (-82)/(-26) + 6/(-39). Suppose f*r = 2*c + 1, 9*c - 4*c + 16 = 3*r. Let s(u) = -u + 1. Calculate s(c).
6
Suppose 0*q + 3*q - 5*q = 0. Let b(r) = r + 15. Give b(q).
15
Let x(b) be the first derivative of -2*b**3/3 + 5*b**2/2 + 2*b - 6. Let l(g) = -2*g**3 - 14*g**2 - 12*g + 4. Let m be l(-6). Calculate x(m).
-10
Let i(a) = -3*a - 9. Suppose 5*z - 6*z + 1 = 0. Let n(c) = c + 1. Let x = -1 - -3. Let m(r) = x*n(r) + z*i(r). What is m(-3)?
-4
Let n be 15*(-4)/(-12) + -3. Suppose -3*o = 3*x - 9, -3*x = -o + 3 - 0. Let j(u) = u**n + u - 2*u + x*u + 2 + 5*u. Determine j(-3).
-1
Let w be 23/(-4) + (-1)/4. Let o(s) = -2*s - 3. What is o(w)?
9
Let c(s) = -s**2 + 2*s - 1. Let w(j) = -1. Let m(a) = c(a) + 3*w(a). Determine m(3).
-7
Let v(b) = -4*b**3 - 3*b**2 + 5*b + 3. Let j(p) = -5*p**3 - 2*p**2 + 6*p + 2. Let k(h) = -3*j(h) + 4*v(h). Calculate k(-6).
-6
Let j(f) = f**2 - 3*f + 1. Let h be j(4). Let m(t) = 4*t**2 + 2*t - 1. Let n be m(1). Let p(a) = -5*a**3 + 4*a**2 + h + 3*a + n*a**3 - a**3. Calculate p(5).
-5
Let k(r) be the third derivative of -r**8/20160 - r**7/720 - r**6/240 - 2*r**5/15 + 4*r**2. Let o(j) be the third derivative of k(j). Give o(-6).
3
Suppose -4*m + 2*t + 3*t = 0, 0 = 2*m - 5*t. Let j = -8 - -11. Let a(f) = -5*f + j*f + f. What is a(m)?
0
Let t = -122 - -38. Let n be (-4)/(-14) + t/(-49). Let r(b) = -b**2 - 1. Let f(p) = 4*p**2 - p + 4. Let h(z) = f(z) + 2*r(z). Determine h(n).
8
Suppose -3*a - a = -4. Let q(u) = -u - 1 - 3*u**3 + a. Suppose -3*g + 4*g = -5*t - 1, 12 = 3*g. Determine q(t).
4
Suppose -3*v = -4*v + 1. Let q(i) = -i - 1. Calculate q(v).
-2
Let k(q) be the first derivative of 0*q**2 + 2/3*q**3 + 2*q + 3. Determine k(2).
10
Let i(d) = 3 - 7 + 5*d - 10. Let o(n) = -6*n - 3. Let y(a) = 1. Let t(u) = -o(u) - 18*y(u). Let m(r) = 7*i(r) - 6*t(r). Determine m(-5).
-3
Suppose -4*m + 32 = -2*h, -4*h = -2*m - 0*h + 10. Let p be (3/(-5))/(m/45). Let o(v) = v**3 + 3*v**2 + 4*v + 3. Determine o(p).
-9
Let z = 68 + -42. Suppose -4*c = 3*u - z, 49 = u + 4*u + c. Suppose -b = b - u. Let g(o) = o**2 - 5*o + 1. What is g(b)?
1
Let r(v) = v**3 - 7*v**2 - 8*v + 3. Let w = -2 - 14. Let l be 0/4 + w/(-2). What is r(l)?
3
Let q(o) be the first derivative of -o**4/4 + 2*o**3 - 3*o**2/2 - 4*o + 22. What is q(5)?
6
Let x(d) = 5*d**2 + 3*d. Let h = 33 - 35. Determine x(h).
14
Let n(w) = -w - 4. Let m be n(-8). Let l(s) = 5*s**2 - 6*s**2 - 5 - 3*s + 3 + m. What is l(2)?
-8
Let n(b) = -b**3 - 6*b**2 + 5*b - 9. Suppose -34 = 9*r + 29. Determine n(r).
5
Let g be 4/(4 - (7 + -1)). Let m(k) = -4*k**2 - 2*k - 3. Determine m(g).
-15
Let w(j) = j**3 + 1 + 2*j - 2 - 1 - 3*j**2. Let f(s) = 4*s - 14. Let r(p) = 11*p - 41. Let q(v) = 8*f(v) - 3*r(v). Let c be q(8). Calculate w(c).
4
Let z(b) = 5*b + 1. Suppose 0 = -f - 4*n + 11, 0 = 4*f - 7*n + 4*n + 13. Let a be z(f). Let c(t) = t + 6. Determine c(a).
2
Let j(p) = p - 5. Let h = -4 - -6. Let n(c) = -4*c**h - 4*c**2 + c**2 - c**3 + 8*c + 4. Let u be n(-8). Give j(u).
-1
Let k(v) = 2 - 1 - 9*v**3 - v**2 + 2*v**3. Suppose -j - 15 = -14. Calculate k(j).
7
Let w(x) = x - 1. Suppose -2 + 5 = -o. Let d be 3/(-6)*o*2. Let m = 7 - d. Determine w(m).
3
Let m(z) = 2*z**2 + 2*z - 1. Let k(s) = 2*s**2 + 4*s - 2. Let h(c) = 3*k(c) - 7*m(c). What is h(1)?
-9
Let a(y) = -y**3 + 3*y**2 + 3*y + 1. Suppose -3*w + 30 = -w. Let n = 19 - w. What is a(n)?
-3
Let l(t) = t**2 - 3*t + 6. Let g(c) = -c**2 + 2*c - 5. Let i(u) = 4*g(u) + 3*l(u). What is i(2)?
-8
Let g(o) = -2*o**2 + 3*o - 2. Let d(c) = 3 + 0*c - 4*c - 3*c**2 + 5*c**2. Let j(u) = 3*d(u) + 4*g(u). Suppose -3*z + 0*z - 6 = 0. Give j(z).
-7
Let a(w) = -13 + 3*w**2 + 0 + 4 + 5*w - 4*w**2. Give a(6).
-15
Let r(p) = 21*p**3 + 11*p**2 + 7*p + 7. Let y(k) = -10*k**3 - 5*k**2 - 3*k - 3. Let d(a) = -4*r(a) - 9*y(a). Give d(-1).
-5
Let k(s) be the first derivative of s**3/3 + 5*s**2/2 - 8*s + 18. Give k(-7).
6
Let g(j) = 3*j. Let c be g(-1). Let z = 6 + c. Let n(w) = -w - 5*w**3 + w**3 + 3*w**3 + z*w**2 + 3*w + 1. Calculate n(3).
7
Let p be 60/84 - (-1 - (-10)/14). Let c(g) = -3*g + 12*g**2 + g + g. Calculate c(p).
11
Let d(q) = -3*q - 3*q + 3*q + q + 1. Let c be d(3). Let n(i) = i**2 + 4*i - 1. What is n(c)?
4
Let h = 7 + 3. Suppose 5*l + h = -3*d, d = 3*d + 5*l + 15. Let y(j) = j**3 - 6*j**2 + 5*j + 6. What is y(d)?
6
Let k(q) = -q**2 + 6*q - 5. Suppose -5*y = 0, -m + 25 = -4*y + y. Let j = -20 + m. Give k(j).
0
Let h be 1 - (96/(-15) + 2/5). Let k(d) = 5*d**2 - 3*d - 10. Let z(x) = 0*x - 6*x**2 + 9 + 2 + 4*x. Let i(j) = h*k(j) + 6*z(j). What is i(3)?
-4
Suppose -4*x = -3*x + 5. Let m be (20/25)/((-1)/x). Let l(v) = 0*v - v + 9 + 0*v. Determine l(m).
5
Suppose 6*u + 28 = -2. Let m(k) = -5*k**2 - 5*k - 11. Let x(p) = 4*p**2 + 5*p + 10. Let t(h) = -3*m(h) - 4*x(h). Calculate t(u).
-7
Suppose -3*f = -5*f - 10. Let a(v) = v + 13. Let j be a(-9). Let u(t) = j*t + t - 2 - 4*t. Give u(f).
-7
Let n(r) = -r**2 - 2*r - 1. Let s(q) = q**2 + 17*q - 3. Let t be s(-17). What is n(t)?
-4
Let a(w) = 4*w**3 + 4*w + 12*w**3 - 17*w**3 - w**2 + 1. What is a(-3)?
7
Let g(z) = z**3 - 6*z**2 + 5*z - 2. Let h be 20/5*(2 - 1). Determine g(h).
-14
Let p(j) = -4*j - 1. Suppose -2*x + x = -7. Let o(d) = 2*d - 13. Let g be o(x). Calculate p(g).
-5
Let k(v) be the first derivative of 5*v**3/3 - v**2/2 - v + 2. Let b be k(-1). Let t(h) = h + 1. Let o(p) = 4*p + 4. Let y(f) = -o(f) + 5*t(f). Calculate y(b).
6
Let y(h) = -3*h**3 + 2*h**3 + h + 3*h**2 + 0*h - 1. Let o be 3/(-30)*-5 + 7/2. What is y(o)?
-13
Let v(y) = -y**2 + 5*y + 11. Let b(g) =